+ 161. Let n(k) = 19*k - 92. Let j be n(6). What is the highest common factor of r and j?
11
Suppose -4*d = 5*z - 786, 4*z + 1597*d - 1600*d - 604 = 0. Calculate the highest common divisor of z and 1298.
22
Let l = 12 - -7. Suppose 5*q - 2312 = -2217. What is the greatest common factor of q and l?
19
Let x(g) = g**2 - 55*g + 320. Let r be x(52). Let k be (-2)/4 - 4/(-8). Suppose 4*p = -k + r. What is the highest common factor of p and 287?
41
Suppose -3*z - 699 = 5*u, 4*z - 8*z + u = 909. Let s be (z/(-285))/(4/210). Calculate the highest common factor of 105 and s.
21
Suppose -10402 = -4*u + 250*s - 252*s, u = 3*s + 2604. What is the highest common divisor of u and 9?
9
Suppose -3*u + 578 = 2*a, 2*a = -368 + 388. Let v(p) = -2*p**3 - 3*p**2 + p - 8. Let y be v(-6). What is the highest common factor of u and y?
62
Let p(t) = -44*t + 31. Let s be p(-3). Let c = s + -141. What is the highest common divisor of 374 and c?
22
Let y = 152 + -122. Suppose 4*g + 27 = 2*n + 3*n, 2*n = -4*g - 6. Let u be (-3)/1*(g - 12). What is the highest common factor of u and y?
15
Suppose -129*u + 32*u + 10185 = 0. Calculate the highest common divisor of u and 237.
3
Suppose 9797 - 21011 = 19*r - 111781. What is the highest common divisor of 67 and r?
67
Let z = -3 + 6. Suppose 711 = 3*g - z*w, -3*w = -4*g - w + 950. Let q be 32 - 0 - ((-684)/380 + (-2)/10). Calculate the greatest common divisor of q and g.
34
Let p(m) = -1424*m + 2967. Let o be p(-16). What is the greatest common divisor of 11 and o?
11
Let o be (342/(-21) + 4/14)*(-438)/24. Calculate the greatest common factor of 11972 and o.
292
Let r = -205 - -209. Suppose -2*i - 2*g = -54, -7 = r*g - 15. What is the greatest common divisor of i and 65?
5
Suppose -4*j - 87 = 229. Let d = -137 - j. Let l = d + 97. What is the highest common divisor of 156 and l?
39
Let t(k) = -20*k - 31*k - 50*k**2 - 3 + 16*k**2 + 224*k. Let z be t(5). Let i(u) = -u + 9. Let a be i(0). Calculate the greatest common factor of a and z.
3
Let j be (-3975)/(-4) - (-334)/1336. What is the highest common divisor of j and 710?
142
Let f be (-418)/(4/14*-7). Let g = -184 + 195. What is the greatest common factor of g and f?
11
Let w = 149 + -110. Suppose 208 = -26*v + w*v. Let q be 10 - (2/(-1) + 0). Calculate the greatest common divisor of q and v.
4
Let v be (-7341)/45 - 4/30*-1. Let w = v - -253. Let o(p) = p**3 - 10*p**2 + 10*p + 1. Let t be o(9). What is the highest common divisor of t and w?
10
Let i(w) = w**2 + w - 2. Let v be -2 + 0*3/9. Let d be i(v). Suppose d*f = -5*f + 180. Calculate the highest common factor of f and 12.
12
Suppose -3*u = 2*u - 110. Suppose -10*f = -11*f - 2*b + 192, 0 = 2*f - 5*b - 312. Calculate the highest common factor of u and f.
22
Let g be ((-20202)/1813)/(9/(-231)). What is the greatest common factor of g and 55?
11
Suppose n = 5*m + 168, 5*n = 26*m - 31*m + 930. Let k = 5 - 2. Calculate the greatest common factor of n and k.
3
Let m = 189 - 177. Suppose 16*i - 533 = m*i + 5*r, 4*r + 664 = 5*i. Calculate the highest common factor of 60 and i.
12
Suppose -28 - 11 = -3*a. Suppose -4*y + 16 = 2*d, y + d = -4*d + a. Let w be (-22)/(-2) - (-3 + y). Calculate the highest common factor of 11 and w.
11
Let z = -11755 - -11799. What is the highest common factor of z and 9988?
44
Let v = 48716 + -37985. Calculate the greatest common divisor of 147 and v.
147
Suppose -3*g - 4*y + 2254 = 0, -g + 4*y = -y - 745. Let z be -6*(-13)/((-52)/(-20)). Calculate the greatest common divisor of z and g.
30
Let a(b) = b + 4. Let m be a(7). Let i be (88/m)/(2/4). Let k(z) = 14*z + 436. Let c be k(-22). What is the highest common factor of i and c?
16
Suppose -36*r + 32*r + 2*l + 34 = 0, -2*r + 5*l + 5 = 0. What is the highest common divisor of r and 890?
10
Suppose 603*n + 2079 = 624*n. Suppose 0 = s - 3*y - 11, 5*y - 4*y = -4*s - 8. Let b be (s/(-1))/((-14)/(-126)). What is the highest common divisor of b and n?
9
Let c(h) = -6*h**2 + 8*h + 16. Let u be c(-8). Let m = 684 + u. Suppose 0 = 15*i - 3*i - m. Calculate the highest common divisor of i and 14.
7
Suppose -2*p - 3*k + 607 = 0, 11*p - 13*p = -k - 619. Suppose -22*g = -20*g - p. Calculate the highest common factor of g and 14.
14
Let b = 121 + -111. Let k be 84/b*(-10)/4. Let q = -19 - k. What is the highest common divisor of q and 20?
2
Suppose -37*o = 64 + 10. Let l be (-3095)/(-35) + (-33)/(-21) + o. Calculate the greatest common divisor of l and 32.
8
Suppose 0 = 19*b + 1668 - 6171. Let r = b - 137. What is the highest common factor of 20 and r?
20
Let s = 38 - 33. Suppose -x = -2*i - i + 9, s*x - 15 = 0. Suppose -i*v + 189 = 77. Calculate the greatest common divisor of v and 14.
14
Let l = -172 - -226. Let q(k) = 3*k**2 + k - 2. Let n be q(1). What is the greatest common divisor of n and l?
2
Let s = -11867 + 14353. What is the highest common divisor of 264 and s?
22
Let y = -18 - -28. Suppose -316 = -4*b - 4*m, -244 = -3*b + 6*m - 2*m. Suppose 16*x - b = 16. What is the highest common factor of y and x?
2
Let k(t) = 11*t + 152. Let r be k(-10). Suppose -4*c + b = -619, -5*b - 10 = 5. Calculate the highest common divisor of c and r.
14
Suppose 2*c = -5*r - 0*c + 495, 2*r - 3*c - 217 = 0. Suppose -25*v = -35*v + 1510. Let x = v - r. What is the greatest common factor of 250 and x?
50
Let i be (7425/330)/(-3 + (-3513)/(-1170)). Calculate the greatest common factor of 78 and i.
39
Let y = -8181 + 8189. What is the greatest common factor of 6056 and y?
8
Let w = -42 - -44. Suppose 10 = 4*v - v + w*m, -v = -5*m + 8. Let j be 2*(v - 3) + 14. What is the highest common divisor of 42 and j?
6
Suppose 2*z - 2*r - 548 - 230 = 0, 17*z = 5*r + 6481. Let t = -12 - -120. What is the greatest common divisor of t and z?
54
Let p(u) = -7*u - 46. Let x = 54 - 62. Let r be p(x). Let w = 162 - 82. What is the greatest common divisor of r and w?
10
Let r be (-1 - -4) + 24 + 0. Let o = -81 - -84. Suppose -o*g - 74 + 398 = 0. Calculate the greatest common factor of g and r.
27
Let m be (-2)/4 + (-306)/(-68). Suppose 0 = g + 2, -12*i = -10*i - m*g - 56. Calculate the greatest common factor of i and 276.
12
Let i be 930/(-2)*(40 - 22)/(-18). What is the highest common factor of i and 93?
93
Suppose 3*x + 5*l = 7*l - 587, l + 575 = -3*x. Let n = x - -240. Calculate the highest common divisor of n and 235.
47
Let b be (-3 + 0/1)/(0 - 1). Let w(l) = 7*l. Let v be w(b). Let g = 11 - -3. Calculate the highest common divisor of g and v.
7
Let r = 2025 + -1951. What is the highest common divisor of r and 666?
74
Let a = -6513 + 6570. Calculate the greatest common factor of 219 and a.
3
Let v be (-129)/(-2)*(-6)/(-9). Let c(z) = -z**3 + 42*z - 3. Let j be c(-6). Let i = v + j. Calculate the greatest common divisor of 10 and i.
2
Suppose -6981 = -y - 2*n, 2*n - 38473 = -5*y - 3568. What is the highest common factor of 39 and y?
39
Let s be (-162)/(-63) + (-8)/14 - -1. Suppose -s*o = -15, 0 = -3*t - 5*o + 8 + 113. Suppose -30*z = -31*z + t. Calculate the highest common factor of 40 and z.
8
Let h(p) = -551*p - 2772. Let k be h(-11). Calculate the greatest common factor of k and 286.
143
Let i be 295/2*(11 - (-1332)/(-120))*-876. What is the highest common divisor of i and 177?
177
Suppose 18*q + 1502 = -14*q + 4670. Calculate the greatest common factor of 1947 and q.
33
Suppose 2*m - 2*s = -162 + 30, 5*m = -s - 348. Let x = m - -243. Let c be ((-1)/(4/x))/(45/(-60)). What is the greatest common factor of 87 and c?
29
Let f(q) = -58*q - 182. Let k be f(-14). Calculate the highest common divisor of 2961 and k.
63
Suppose -4*j - 64 = 4*g, 5*g = 3*j - 4*j - 72. Let b be (-422)/g - (3 - (-100)/(-35)). What is the highest common factor of b and 42?
6
Let t(b) = b**3 + 8*b**2 - 32*b - 81. Suppose 36*c + 269 + 91 = 0. Let n be t(c). Calculate the greatest common factor of 9 and n.
3
Let q(m) = -22*m**3 - m**2 + m. Let c be q(-1). Calculate the greatest common divisor of 3370 and c.
10
Let z be 109 + 2 + -1 + (-1 - -4). Suppose 12*t = z + 187. Let l(g) = g**3 - 15*g**2 - 34*g + 15. Let w be l(17). What is the greatest common factor of w and t?
5
Let w be 4 - ((9 - (-42)/(-7)) + -3344). Calculate the greatest common divisor of w and 15.
15
Let j(o) = o**3 + 21*o**2 - 43*o - 431. Let g be j(-22). Suppo